hest common divisor of 35 and 317255.
5
What is the greatest common divisor of 370 and 2778367?
37
Calculate the greatest common factor of 92678610 and 24240.
3030
Calculate the greatest common factor of 13936 and 73622816.
1072
Calculate the highest common factor of 1034 and 335204.
94
What is the greatest common divisor of 196217 and 2051?
7
What is the greatest common factor of 800 and 213900?
100
What is the greatest common divisor of 274911315 and 5?
5
Calculate the greatest common divisor of 41701128 and 1780.
356
Calculate the greatest common factor of 114 and 6250392.
114
Calculate the highest common factor of 1080 and 11680065.
135
What is the greatest common divisor of 29 and 50625271?
29
What is the greatest common factor of 48 and 755841048?
24
What is the highest common factor of 1880991 and 144613?
511
Calculate the greatest common divisor of 26461796 and 40.
4
Calculate the greatest common divisor of 509944432 and 3856.
3856
Calculate the highest common divisor of 1600080 and 15933.
339
What is the highest common factor of 17201218 and 124?
62
Calculate the greatest common divisor of 252 and 3381252.
84
What is the greatest common factor of 1053459 and 924?
33
What is the greatest common factor of 793209 and 9?
3
Calculate the highest common factor of 21824316 and 1296.
324
Calculate the greatest common factor of 15 and 83910135.
15
Calculate the highest common divisor of 16610 and 746091.
151
What is the greatest common factor of 233118852 and 108?
12
Calculate the highest common divisor of 3543373364 and 12494.
12494
Calculate the highest common factor of 18952 and 329176.
184
Calculate the greatest common divisor of 318816090 and 1832.
458
What is the greatest common factor of 520 and 3289260?
260
What is the greatest common factor of 97565 and 115615?
95
Calculate the greatest common factor of 60 and 496702995.
15
Calculate the highest common factor of 26852 and 2164.
4
Calculate the highest common factor of 13312057 and 33.
11
Calculate the greatest common divisor of 18995312 and 5828.
124
Calculate the highest common divisor of 484172 and 2470.
26
What is the greatest common factor of 127 and 840347?
1
Calculate the greatest common factor of 55598616 and 324.
108
Calculate the greatest common factor of 1340573733 and 9.
9
What is the greatest common divisor of 65 and 663170?
5
Calculate the highest common divisor of 72398428 and 75038.
4414
What is the greatest common factor of 1634 and 2568777?
43
What is the greatest common factor of 1569 and 19336879?
523
What is the greatest common divisor of 16749816 and 15?
3
What is the highest common divisor of 182492 and 262644?
172
What is the greatest common factor of 170151540 and 120?
60
Calculate the greatest common divisor of 6288 and 218377.
131
Calculate the highest common factor of 21 and 795582606.
21
Calculate the greatest common factor of 436225 and 135.
5
What is the greatest common divisor of 25677820 and 11900?
2380
Calculate the highest common divisor of 923 and 1109329.
13
Calculate the greatest common divisor of 5828 and 252108.
188
What is the greatest common factor of 312 and 386598?
6
What is the greatest common factor of 52780 and 538720?
1820
Calculate the greatest common divisor of 25979 and 384677.
313
What is the greatest common factor of 34 and 807927057?
17
Calculate the highest common divisor of 6 and 298606998.
6
Calculate the highest common divisor of 2071795 and 1705.
55
Calculate the highest common divisor of 94 and 115160763.
47
What is the highest common factor of 5634465 and 435?
15
What is the greatest common factor of 10440943 and 427?
61
What is the greatest common factor of 96 and 8758494?
6
What is the greatest common factor of 44066736 and 20538?
126
What is the highest common factor of 129 and 905537?
43
Calculate the highest common divisor of 2097676 and 35.
7
What is the highest common divisor of 1197565750 and 50?
50
Calculate the highest common divisor of 9735684 and 336.
84
What is the greatest common factor of 381 and 642352284?
381
What is the greatest common factor of 1366750 and 15785?
385
What is the highest common divisor of 1770202370 and 118?
118
What is the highest common factor of 33506761 and 86?
43
What is the greatest common factor of 617348 and 4408?
76
What is the highest common divisor of 18915 and 348521?
97
Calculate the highest common divisor of 60 and 614808780.
60
What is the highest common divisor of 2819602 and 11206?
862
Calculate the highest common divisor of 3537037 and 56.
7
What is the highest common factor of 4532 and 55025278?
2266
What is the greatest common divisor of 542187 and 47237517?
4203
Calculate the greatest common factor of 864 and 7098528.
96
What is the greatest common divisor of 9711702 and 1430?
286
Calculate the greatest common divisor of 1007974 and 3080.
22
Calculate the highest common divisor of 912 and 9568096.
304
What is the greatest common factor of 7552960 and 640?
320
Calculate the highest common factor of 271 and 16500377.
271
Calculate the greatest common factor of 30442 and 124279.
31
Calculate the greatest common factor of 1157 and 18549141.
13
What is the highest common factor of 2889024 and 61008?
1968
What is the greatest common factor of 153983140 and 20?
20
Calculate the highest common factor of 1034 and 5991936.
94
Calculate the highest common divisor of 110 and 1079685640.
110
Calculate the highest common factor of 779438 and 25418.
142
What is the highest common divisor of 1821246 and 48307?
721
What is the highest common divisor of 67363542 and 90?
18
What is the greatest common divisor of 3233 and 10174922?
61
Calculate the highest common divisor of 1504408 and 267112.
1384
What is the highest common factor of 457561 and 9232?
577
What is the highest common divisor of 17914 and 63611262?
338
Calculate the greatest common divisor of 450 and 2499894.
18
What is the highest common divisor of 596112 and 55?
11
Calculate the greatest common factor of 320854 and 2064590.
274
Calculate the highest common divisor of 195 and 166026965.
65
What is the highest common divisor of 10650 and 834605?
355
What is the highest common divisor of 5750 and 12096325?
25
What is the highest common factor of 457765 and 633215?
1595
Calculate the highest common factor of 1632568597 and 19.
19
Calculate the highest common divisor of 2449 and 4888607.
31
What is the highest common divisor of 8478 and 38421?
27
What is the highest common divisor of 934548 and 2757248?
6628
Calculate the highest common divisor of 4908 and 4906364.
1636
What is the highest common divisor of 10403 and 211?
1
What is the highest common factor of 630 and 11440890?
90
What is the greatest common divisor of 2278631 and 2?
1
What is the highest common divisor of 380 and 13475540?
20
What is the highest common divisor of 497016 and 1091736?
4248
What is the highest common divisor of 293800979 and 37?
37
What is the highest common factor of 17436584 and 57596?
484
What is the highest common divisor of 79394 and 176764?
1498
Calculate the highest common divisor of 4 and 30985676.
4
Calculate the greatest common factor of 1805 and 179763921.
361
Calculate the highest common factor of 4980 and 694452.
12
What is the greatest common factor of 6 and 74449521?
3
Calculate the greatest common divisor of 15 and 1011815355.
15
Calculate the highest common divisor of 1169982 and 47538.
342
Calculate the highest common divisor of 20884 and 6930314.
46
Calculate the highest common divisor of 105525 and 327.
3
Calculate the highest common factor of 229005 and 7140.
105
What is the greatest common factor of 296 and 1602072?
8
Calculate the greatest common factor of 377247 and 191607.
663
Calculate the greatest common factor of 1802038185 and 135.
135
What is the greatest common factor of 3228419 and 2890?
289
Calculate the highest common factor of 3020980 and 180.
20
Calculate the highest common factor of 110179 and 4541.
239
Calculate the greatest common factor of 7368796 and 56.
4
Calculate the greatest common factor of 1126 and 244626878.
1126
Calculate the highest common divisor of 160 and 815260.
20
What is the greatest common divisor of 20536 and 397018?
34
What is the highest common factor of 149568008 and 351601?
15287
Ca